late the remainder when p is divided by r(13).
18
Let x = -274 + 178. What is the remainder when 55/(-2)*(-3)/((-36)/x) is divided by 58?
46
Suppose -10*d + 6*d + 492 = 0. Suppose -4*c - 105 = -5*a, -2*c = -5*a + 10 + 105. Calculate the remainder when d is divided by a.
23
Calculate the remainder when (-16)/28*2081982/(-456) is divided by 15.
14
Let b = -326 + 329. Let r(p) = 10*p**3 - 9*p**2 - 9*p + 7. What is the remainder when r(b) is divided by 44?
37
Let u(n) = n**3 - 5*n**2 + n + 7. Let b be u(5). Suppose -b = -z + 13. Suppose -31*i + 269 = 52. What is the remainder when z is divided by i?
4
Let j be 1*(5 + (6 - 7)). Calculate the remainder when ((-6)/j)/((-84)/1792) is divided by 8.
0
Let h(d) = 10*d**2 + 77*d + 259. Let f(n) = 3*n**2 + 26*n + 86. Let s(t) = -7*f(t) + 2*h(t). Calculate the remainder when s(-24) is divided by 5.
2
Suppose 99*q - 676 - 754 - 748 = 0. What is the remainder when 3218 is divided by q?
6
Suppose -5*t + 19 = 3*l, -2*l = -4*l + t + 4. Let r be 22 + -6*l/(-6). Suppose -6 + r = f. Calculate the remainder when f is divided by 4.
3
Calculate the remainder when (4135/5)/(-4 - (-15)/3) is divided by 60.
47
Suppose -17*f - 158*f + 6048 = -7*f. Calculate the remainder when (-1740)/8*(-4)/5 is divided by f.
30
Suppose -5*x + 329 + 36 = 5*i, -5*i = 2*x - 371. Suppose -4*j = -j - i. What is the remainder when 148 is divided by j?
23
Suppose 4*h + 32 = -22*z - 92, 0 = 5*h - 4*z - 34. What is the remainder when 124 is divided by h?
0
What is the remainder when (-126)/70 + 2 - (2532/(-15) + 3) is divided by 56?
54
Let k be (4 - 2 - 1)*11. Suppose 5*y = 84 + k. Calculate the remainder when (27/(-6))/((-362)/24 + 15) is divided by y.
16
Calculate the remainder when 48/280*55*(-147)/(-14) is divided by 56.
43
Let a(l) = l**3 - 49*l + 5. Let x be a(-7). Suppose 4*h = -h - 20, -x*h - 455 = -3*y. What is the remainder when y is divided by 17?
9
Let q(p) = p**2 + 15*p + 47. Let k be q(-11). Suppose 176 = t + 3*t - 4*m, -2*m - 223 = -5*t. What is the remainder when 4900/30 - -13 - (-2)/k is divided by t?
42
Let c(x) = -3*x + 13. Let b be c(4). Let s(m) = 7*m**2 + 21*m. Calculate the remainder when s(-6) is divided by b*(28 - 0) + (-36)/(-9).
30
Let l = 382 + -700. Let w be l/4*(-4)/(-3)*2. Let f = -79 - w. What is the remainder when f is divided by 17?
14
Let y(l) = -2*l**2 + 273*l + 434. Calculate the remainder when 99 is divided by y(138).
19
Let j = -47 - -37. Let v = j + 12. Calculate the remainder when 55 is divided by v/(5/140*4).
13
Suppose f - 896 = -i, 43*f = 40*f - i + 2682. What is the remainder when f is divided by 190?
133
Let l = -12 + 16. Suppose l*d - d + 50 = -5*n, 4*d + n = -61. Let p(w) = -15*w - 46. What is the remainder when p(d) is divided by 46?
41
Let p = 63811 + -63759. Let v(y) = 45*y + 2. Calculate the remainder when v(2) is divided by p.
40
Suppose 3*a - 2*a = 11. Suppose d = 3*z - a, 2*d + 8 = 5*z - 12. Calculate the remainder when 4 is divided by z.
0
Suppose -26*m + 39122 = 100*m - 182008. What is the remainder when m is divided by 355?
335
Let f(t) = -18*t + 8. Let x be f(-3). Let w = 67 - x. Suppose 8*s - w*s - 4*z - 35 = 0, 11 = s - 2*z. What is the remainder when 50 is divided by s?
11
Suppose 90*k = 81*k + 9. Let h = k + 122. What is the remainder when h is divided by 45?
33
Suppose 12 = 3*a - 3*v, 107*v - 37 = -4*a + 104*v. What is the remainder when 394 is divided by a?
2
Let q(r) = 3*r**2 + 3*r - 8. Let t(c) = -c**3 + 8*c**2 + 34*c - 9. Let s be t(11). Calculate the remainder when 358 is divided by q(s).
8
Let l(h) = -7*h**3 + 42*h**2 - 10*h + 63. What is the remainder when 3125 is divided by l(6)?
2
Let h = -118 - -136. Suppose h*u - 25*u = -49. Suppose u*s - 50 = 244. Calculate the remainder when 164 is divided by s.
38
Let k = -1144 - -1230. Suppose 0 = -4*v + 2*v + 108. Suppose 2*w + w = v. What is the remainder when k is divided by w?
14
What is the remainder when 21 is divided by 56/24 + 1 + 4/6 + -1?
0
What is the remainder when 47308/40 + 186/620 is divided by 58?
23
Let j be 9*1 + (6 - 6). Let w = 20 - j. Suppose -84 = -5*f + 2*f. What is the remainder when f is divided by w?
6
Let c(i) = -1573*i + 87. What is the remainder when c(-1) is divided by 151?
150
Let a(k) = 11 + 21*k - 36*k + 2*k. Calculate the remainder when 145 is divided by a(-3).
45
Calculate the remainder when 1513 is divided by (-138)/(-4)*8/(-24)*-4.
41
Suppose 2*p - 1988 = -11*p + 26833. What is the remainder when p is divided by 547?
29
Suppose 205*a - 202*a - 68 = -4*q, 0 = 4*a - 2*q - 98. Let o(n) = n**2 + 10*n + 9. Calculate the remainder when a is divided by o(-10).
6
Let f(d) = -286*d**3 - d**2 + d + 1. Suppose 24*i - 27*i = 4*o - 227, -2*i + 136 = -5*o. What is the remainder when f(-1) is divided by i?
66
Let q be 2/(-4) - 27/6. Let w = 29098 + -29087. Calculate the remainder when (-104)/q - (-4)/20 is divided by w.
10
Let c(u) = u**2 - 14*u - 469. Calculate the remainder when c(48) is divided by 30.
23
Let w = -13 - -47. Suppose 0 = -87*o + 88*o - 61. What is the remainder when o is divided by w?
27
Suppose -7772*w = -7791*w + 1843. What is the remainder when 367 is divided by w?
76
Let k(s) = s**2 + 15*s - 77. Let f be k(-19). Let z(j) = 26*j**2 - 12*j - 11. What is the remainder when 263 is divided by z(f)?
20
What is the remainder when 2379 is divided by 105/75 - (-3406)/10?
327
Let c = -33912 - -33930. Calculate the remainder when 58 + (3/1)/1 is divided by c.
7
Let m = 49 + -32. Suppose -16*w = 56*w - 6374 - 466. Calculate the remainder when w is divided by m.
10
Let z(i) = 4*i - 76. Let a be z(20). Let l(d) = 16*d**2 + 4*d + 4. Calculate the remainder when l(a) is divided by 31.
28
Suppose -279*o + 5778520 = 161*o. What is the remainder when o is divided by 37?
35
Suppose -83*j = 5*i - 79*j - 236, 2*i - 95 = -j. Suppose 0*f + 2*f - 24 = 0. Calculate the remainder when i is divided by f.
0
Let a(n) = -n**3 + 15*n**2 + 14*n + 34. Let b be a(16). Suppose b = -2*y, -z - 4*y = 2*z - 50. Calculate the remainder when 2637/z + (-3)/(-6) is divided by 30.
27
Let o = 24 - 20. Let t(j) = j**2 + j - 8. What is the remainder when -3 + (-19)/((-95)/240) is divided by t(o)?
9
Suppose -208 = -3*f - f. Let x be 1*279 + f/(-13). Let q = x - 145. What is the remainder when q is divided by 33?
31
Let h be 238/35 + (-11)/(-5) + -2. Suppose 0 = h*z - 11*z + 588. Calculate the remainder when z is divided by 51.
45
Suppose -772 = -g + 4*p, -6*p - 776 = -g - p. Suppose 45*c = 24*c + g. What is the remainder when 67 is divided by c?
31
Suppose -a + 151 = -116. Let k = a + -262. Calculate the remainder when (-4)/6 - 47/(-3) is divided by k.
0
Let x = 588 - 434. Suppose 12*j - x = 14. Suppose 2*d = o + 8, 0 = -4*d + 2*d - 5*o + 32. Calculate the remainder when j is divided by d.
2
Let v(c) = -c**2 - 3*c + 1. Let a be v(2). Let r(s) be the first derivative of -5*s**2 - 21*s - 26. What is the remainder when r(a) is divided by 35?
34
Suppose 12802 - 12806 = -y. Let p = 3 + -1. What is the remainder when 3*((-52)/(-6))/p is divided by y?
1
Suppose -4*z + 5*b + 20 = 0, -4*b = -27 + 11. Calculate the remainder when 459 is divided by z.
9
Let b = 13 - -51. Let z = -17080 + 17104. What is the remainder when b is divided by z?
16
Let p(a) = 11*a**2 + 37*a - 142. Let t be (24/(-42))/(7/(-49)). What is the remainder when p(t) is divided by 31?
27
Let l(z) = -89*z**2 - 591*z - 331. Let f = 47 - 79. Let r = 10 - f. What is the remainder when r is divided by l(-6)?
9
Suppose 4*l + 25 - 430 = -5*b, 0 = -2*b + 5*l + 129. Let o = b - 77. Suppose 3*w - 175 - 26 = o. What is the remainder when w is divided by 17?
16
Suppose -24*i + 4235 = -19*i. Suppose -i = -2*m - 4999. Calculate the remainder when 2/3 - m/18 - 3 is divided by 19.
18
Let g = 241 - 45. Let p = 556 - g. Suppose 2*f = -8*f + p. Calculate the remainder when f is divided by 10.
6
Suppose -2*h = 0, -3*h + 1 = -2*g - 55. Calculate the remainder when (-1003)/(-7) - ((-36)/g - 1) is divided by 24.
23
Let c = -40499 + 40638. What is the remainder when 18483 is divided by c?
135
Let u(c) be the second derivative of -c**3/2 - 5*c**2/2 + 2*c. Calculate the remainder when u(-8) is divided by (-215)/172*(-4 - (-1 - -1)).
4
Let p = -5564 - -5577. What is the remainder when 333 is divided by p